hat is -2272 (base 9) in base 12?
-b85
Convert 1aad (base 15) to base 4.
1122130
Convert -f2b (base 16) to base 15.
-123d
32132 (base 5) to base 9
2867
Convert -175 (base 15) to base 7.
-656
Convert -20 (base 16) to base 4.
-200
What is -82a (base 15) in base 7?
-5236
What is 11662 (base 10) in base 13?
5401
Convert -68 (base 16) to base 3.
-10212
What is -5170 (base 14) in base 2?
-11011010111110
Convert 4044 (base 6) to base 13.
538
What is 20529 (base 10) in base 2?
101000000110001
-43174 (base 9) to base 2
-110111110100011
-168 (base 16) to base 15
-190
Convert -1102100200 (base 3) to base 14.
-a295
2146 (base 7) to base 4
30001
What is 101402 (base 6) in base 11?
6129
-10271 (base 9) to base 15
-2027
What is -1101111 (base 4) in base 2?
-1010001010101
-325 (base 13) to base 3
-201221
-2633 (base 14) to base 7
-25363
Convert 141330 (base 5) to base 7.
23012
Convert 10211122 (base 4) to base 15.
586d
-2c25 (base 13) to base 10
-6453
What is 22012 (base 5) in base 11?
1150
What is 221232 (base 4) in base 9?
3586
Convert -11032313 (base 4) to base 12.
-1049b
-275 (base 13) to base 9
-532
-14168 (base 9) to base 15
-2cb5
Convert -110101011000100 (base 2) to base 13.
-c596
Convert -27d4 (base 14) to base 8.
-15606
2384 (base 10) to base 13
1115
Convert ba03 (base 12) to base 13.
9402
-4093 (base 12) to base 13
-3273
What is 1dc (base 15) in base 8?
660
Convert -121 (base 12) to base 4.
-2221
-2221221 (base 3) to base 11
-1692
What is 3021 (base 8) in base 12?
a95
Convert -231 (base 13) to base 3.
-112000
What is 19698 (base 10) in base 16?
4cf2
Convert 3d0a (base 16) to base 12.
9062
What is -11001101001 (base 2) in base 14?
-853
What is 21012022 (base 3) in base 12?
3052
Convert 37533 (base 10) to base 4.
21022131
What is 104 (base 12) in base 8?
224
Convert -437 (base 11) to base 7.
-1346
What is -158 (base 9) in base 14?
-98
412 (base 11) to base 3
200102
What is 1d0 (base 16) in base 13?
299
575a (base 14) to base 5
441142
-204017 (base 8) to base 5
-4130344
Convert 4401302 (base 5) to base 9.
124137
Convert 3d22 (base 16) to base 5.
1000100
What is 11300130 (base 4) in base 3?
1012100100
What is -1198 (base 10) in base 13?
-712
What is -328 (base 11) in base 13?
-243
What is -12100010 (base 4) in base 14?
-948c
What is 745 (base 14) in base 5?
21213
-10313 (base 4) to base 8
-467
Convert 1063 (base 7) to base 11.
323
5143 (base 6) to base 15
513
What is 55a5 (base 12) in base 8?
22415
What is -7494 (base 10) in base 7?
-30564
-1907 (base 12) to base 4
-233113
-3188 (base 11) to base 5
-113320
What is 1448 (base 12) in base 7?
6611
What is -10001110 (base 2) in base 12?
-ba
-2205 (base 6) to base 10
-509
1d4 (base 15) to base 8
650
2565 (base 8) to base 2
10101110101
Convert -3c (base 15) to base 6.
-133
-6525 (base 11) to base 6
-103522
Convert 14223 (base 6) to base 9.
3066
-2100201 (base 3) to base 13
-a24
123 (base 7) to base 5
231
Convert -1425 (base 6) to base 2.
-101111001
33332 (base 6) to base 2
1001000111000
What is 29d4 (base 15) in base 11?
6819
What is -11211231 (base 4) in base 5?
-1213033
Convert -10066 (base 7) to base 2.
-100110010001
-4211413 (base 5) to base 15
-15958
What is 2104 (base 9) in base 7?
4333
What is -6850 (base 9) in base 14?
-1bbd
Convert -1321032 (base 4) to base 15.
-2473
What is -14a3 (base 12) in base 13?
-1149
What is -978 (base 11) in base 9?
-1544
11572 (base 8) to base 10
4986
-782 (base 11) to base 7
-2506
What is -10223 (base 4) in base 12?
-20b
125344 (base 9) to base 4
102211003
-97d (base 14) to base 13
-b13
-10000 (base 2) to base 3
-121
Convert -2674 (base 8) to base 6.
-10444
-221030 (base 4) to base 11
-1a87
Convert 114140 (base 6) to base 11.
7568
What is -1832 (base 12) in base 2?
-101101100110
What is 11237 (base 9) in base 2?
1110100111110
Convert -1418 (base 10) to base 3.
-1221112
Convert -1ea0 (base 15) to base 14.
-260b
What is -1000111111101 (base 2) in base 10?
-4605
What is 2110011000 (base 3) in base 10?
48222
What is -2251 (base 8) in base 10?
-1193
Convert 16ee0 (base 15) to base 14.
1d0a7
1996 (base 12) to base 9
4266
What is -4551 (base 8) in base 7?
-10011
What is -83 (base 9) in base 6?
-203
What is -393 (base 10) in base 5?
-3033
-21a (base 14) to base 2
-110100000
1001111111 (base 2) to base 8
1177
What is -1120310 (base 4) in base 12?
-3358
Convert 1a45 (base 12) to base 5.
100341
What is 70 (base 12) in base 8?
124
What is -417 (base 9) in base 3?
-110121
1201 (base 10) to base 3
1122111
1704 (base 11) to base 7
6235
7635 (base 16) to base 10
30261
-10010021 (base 3) to base 4
-203203
What is 10101011110 (base 2) in base 14?
702
Convert -1221130 (base 4) to base 5.
-203443
Convert 1153 (base 8) to base 10.
619
Convert -5b (base 12) to base 16.
-47
What is -10011101000 (base 2) in base 5?
-20011
Convert -1335 (base 7) to base 10.
-516
Convert 1590 (base 12) to base 14.
d08
Convert -597 (base 13) to base 12.
-689
What is -110010001 (base 2) in base 5?
-3101
What is -2c3 (base 14) in base 4?
-20303
-112243 (base 5) to base 7
-14606
Convert 1a5 (base 15) to base 4.
11330
-15437 (base 10) to base 3
-210011202
What is -302 (base 16) in base 13?
-473
What is 22042 (base 10) in base 16?
561a
What is -12251 (base 9) in base 4?
-2000203
What is 2120 (base 13) in base 9?
6258
Convert 3022 (base 5) to base 15.
1ac
Convert -2c4 (base 15) to base 14.
-334
Convert -1d50 (base 16) to base 5.
-220004
What is 405414 (base 6) in base 9?
48321
356 (base 15) to base 10
756
111 (base 2) to base 7
10
Convert -1241 (base 5) to base 11.
-169
Convert -11010011100 (base 2) to base 8.
-3234
Convert -634 (base 14) to base 6.
-5354
What is -1136 (base 8) in base 7?
-1524
What is 31356 (base 11) in base 10?
45678
Convert 1377 (base 8) to base 5.
11032
Convert 1000111020 (base 3) to base 10.
20040
Convert -5451 (base 7) to base 11.
-1510
What is 30330202 (base 4) in base 6?
1045254
4443 (base 5) to base 2
1001101111
What is -1001100010 (base 2) in base 8?
-1142
Convert 4428 (base 16) to base 14.
6504
Convert -1885 (base 15) to base 11.
-3a89
10011101011000 (base 2) to base 10
10072
898 (base 16) to base 11
1720
-12b (base 13) to base 10
-206
What is 618 (base 14) in base 8?
2256
What is 8686 (base 13) in base 9?
27577
-201100 (base 3) to base 13
-312
What is -10010100111100010 (base 2) in base 3?
-10212121101
Convert 1011221 (base 3) to base 8.
1536
-124233 (base 6) to base 3
-120112110
690 (base 14) to base 16
516
What is 2020020 (base 4) in base 11?
6600
What is -110554 (base 6) in base 3?
-110201221
What is -988 (base 11) in base 13?
-702
-14c3 (base 14) to base 13
-18b7
-4113 (base 11) to base 8
-12523
60302 (base 9) to base 8
115273
What is -20054 (base 10) in base 6?
-232502
-ae2a (base 16) to base 14
-1236a
What is -317 (base 11) in base 15?
-1a6
303 (base 7) to base 13
b7
Convert -12483 (base 11) to base 8.
-42726
-11111010010 (base 2) to base 15
-8d7
Convert 101330 (base 4) to base 5.
14043
What is -1000101011000111 (base 2) in base 11?
-24768
150340 (base 6) to base 13
671a
What is -17476 (base 8) in base 4?
-1330332
What is 83 (base 9) in base 13?
5a
Convert -12100020 (base 3) to base 14.
-15c2
What is -549 (base 16) in base 9?
-1763
What is -16600 (base 12) in base 4?
-13303200
213000 (base 6) to base 11
12166
Convert -134033 (base 5) to base 7.
-22042
What is -20421 (base 5) in base 15?
-60b
What is 1544 (base 6) in base 5?
3144
What is -129 (base 12) in base 9?
-216
What is 1112121 (base 3) in base 6?
5111
Convert -12100 (base 3) to base 10.
-144
Convert 1843d (base 14) to base 7.
343306
1051c (base 14) to base 9
60062
What is 250 (base 7) in base 2?
10000101
What is -121454 (base 6) in base 15?
-32c7
Convert 317 (base 12) to base 14.
243
-179 (base 11) to base 6
-543
13a (base 15) to base 13
187
-356 (base 11) to base 10
-424
What is 264 (base 13) in base 11?
352
Convert -28164 (base 9) to base 14.
-6d5b
What is -44 (base 15) in base 6?
-144
What is -860 (base 15) in base 13?
-b25
Convert 10100000101 (base 2) to base 14.
67b
10000011011 (base 2) to base 12
737
-4318 (base 11) to base 3
-21211100
-1212 (base 7) to base 6
-2030
Convert 44152 (base 7) to base 12.
649a
Convert 2014 (base 5) to base 9.
317
-b9 (base 15) to base 6
-450
Convert -2276 (base 12) to base 15.
-1209
Convert -